2666966873?
True
Does 81 divide 202536?
False
Is 1746005396 a multiple of 6319?
False
Is 592283314 a multiple of 1490?
False
Is 68320620 a multiple of 6?
True
Is 67164621 a multiple of 1030?
False
Is 23 a factor of 7238631?
False
Is 165589996 a multiple of 34?
True
Is 13 a factor of 374099501?
False
Is 258531178 a multiple of 1300?
False
Does 14 divide 573475662?
False
Does 17 divide 483239?
False
Is 1715177443 a multiple of 40?
False
Is 80864538 a multiple of 106?
True
Does 6 divide 346286978?
False
Does 6148 divide 4031678988?
False
Does 2 divide 211404865?
False
Does 77 divide 1436113669?
False
Is 142558698 a multiple of 601?
False
Does 33 divide 364428636?
True
Is 3841660 a multiple of 34?
True
Is 37 a factor of 3034956?
False
Does 543 divide 1722914022?
True
Does 6 divide 50952996?
True
Is 651 a factor of 62472495?
False
Is 785 a factor of 13561033?
False
Is 14 a factor of 32345354?
False
Is 127 a factor of 730220346?
False
Is 60 a factor of 3258477?
False
Does 3697 divide 83595067?
False
Does 10 divide 311374550?
True
Is 49 a factor of 4897019?
False
Does 50 divide 40388762?
False
Does 217 divide 9786018?
False
Is 1119 a factor of 121954069?
False
Is 1580 a factor of 4911789?
False
Does 11 divide 17251542?
True
Is 470037150 a multiple of 30?
True
Does 395 divide 79639505?
True
Is 3 a factor of 550803?
True
Is 93 a factor of 263775528?
True
Is 37 a factor of 409879897?
False
Is 133 a factor of 2246684840?
False
Is 32803337 a multiple of 13?
False
Does 28 divide 1648704?
False
Does 433 divide 43639542?
False
Is 11 a factor of 3054494827?
False
Does 1508 divide 62787088?
True
Is 132197321 a multiple of 32?
False
Is 28 a factor of 597192400?
True
Is 21 a factor of 52845891?
True
Is 654 a factor of 66518994?
True
Is 1228412641 a multiple of 1123?
True
Does 78 divide 91372391?
False
Is 363 a factor of 24192312?
False
Is 1465408308 a multiple of 3822?
True
Is 30385160 a multiple of 1846?
True
Is 262 a factor of 86648640?
True
Does 28 divide 2851808227?
False
Is 172862965 a multiple of 5?
True
Does 1882 divide 186361286?
True
Is 157 a factor of 5021243708?
True
Does 739 divide 62097157?
False
Does 278 divide 226379292?
True
Is 1551774970 a multiple of 5?
True
Is 190475436 a multiple of 4?
True
Does 177 divide 4549739?
False
Does 217 divide 354392922?
False
Does 1929 divide 18713229?
True
Is 4520327960 a multiple of 11?
False
Does 590 divide 15173232?
False
Is 59 a factor of 57354256?
False
Is 892101248 a multiple of 1688?
True
Does 94 divide 1663467710?
True
Is 69848572 a multiple of 134?
True
Does 73 divide 67323666?
True
Does 998 divide 50266646?
False
Is 15 a factor of 61691385?
True
Is 167391378 a multiple of 23?
True
Does 4033 divide 494393371?
True
Is 50 a factor of 16320505?
False
Is 84 a factor of 70714184?
False
Is 38724625 a multiple of 588?
False
Does 1056 divide 64571768?
False
Is 2497975189 a multiple of 12?
False
Is 9540423 a multiple of 10?
False
Is 160310032 a multiple of 2253?
False
Does 64 divide 97241472?
True
Is 1329266297 a multiple of 45?
False
Is 1581087600 a multiple of 1712?
False
Is 3942 a factor of 1516449082?
False
Is 3 a factor of 23802787?
False
Is 30246768 a multiple of 24?
True
Does 198 divide 17129482?
False
Is 316792896 a multiple of 861?
True
Does 19 divide 16049490?
True
Is 7 a factor of 709400?
False
Is 10 a factor of 89040495?
False
Does 39 divide 25431861?
True
Is 543 a factor of 25169915?
False
Is 140264974 a multiple of 158?
True
Is 262689106 a multiple of 458?
True
Is 169290048 a multiple of 948?
True
Is 396 a factor of 77739552?
True
Does 368 divide 11035952?
True
Is 2213 a factor of 403456063?
False
Is 894 a factor of 66410790?
True
Does 942 divide 39264444?
True
Is 471 a factor of 20425902?
False
Is 10 a factor of 1148275520?
True
Is 3454659072 a multiple of 432?
True
Is 1806533577 a multiple of 1028?
False
Is 684 a factor of 95303201?
False
Is 33 a factor of 22183722?
True
Is 92 a factor of 94214689?
False
Is 1995060 a multiple of 41?
True
Is 2300807495 a multiple of 49?
True
Is 411665661 a multiple of 75?
False
Does 7 divide 19627197?
False
Is 2227935162 a multiple of 246?
True
Is 272026314 a multiple of 1195?
False
Does 172 divide 72725384?
True
Is 1650 a factor of 65082600?
True
Is 1009291353 a multiple of 21?
True
Is 412607091 a multiple of 13?
True
Is 37 a factor of 25337770?
False
Is 12480 a factor of 1659328320?
True
Is 416 a factor of 47964780?
False
Does 9 divide 3135515?
False
Is 1265 a factor of 49369155?
True
Is 5865 a factor of 4238283600?
True
Does 196 divide 85538124?
True
Does 4377 divide 1871027436?
True
Is 346 a factor of 742957178?
False
Is 143177380 a multiple of 293?
True
Is 419 a factor of 69824674?
True
Is 37 a factor of 2498370536?
True
Is 21653196 a multiple of 44?
False
Is 508936748 a multiple of 45?
False
Does 7 divide 81447194?
False
Does 129 divide 739720?
False
Does 7 divide 55218471?
True
Is 16609695 a multiple of 33?
False
Is 29167775 a multiple of 182?
False
Is 734 a factor of 624699472?
False
Is 9463048 a multiple of 116?
True
Is 1686 a factor of 2198715972?
True
Does 1514 divide 7777418?
True
Is 250 a factor of 13239622?
False
Does 293 divide 2677118733?
False
Does 1249 divide 39200274?
False
Does 23 divide 338092456?
True
Is 1139 a factor of 1534890203?
True
Is 3749052 a multiple of 71?
False
Does 83 divide 32459218?
False
Is 256 a factor of 70085376?
True
Is 1455 a factor of 524975640?
True
Does 1954 divide 285268368?
True
Is 1901 a factor of 143007382?
False
Is 1065502750 a multiple of 845?
True
Does 20 divide 856504642?
False
Is 153569670 a multiple of 211?
False
Is 540785938 a multiple of 3?
False
Is 12 a factor of 23058996?
True
Does 10 divide 1353979?
False
Is 121 a factor of 246951021?
False
Is 72 a factor of 367991208?
True
Is 756 a factor of 61701696?
True
Is 253168532 a multiple of 236?
False
Is 3145481238 a multiple of 21?
False
Is 22 a factor of 317552774?
True
Does 18 divide 245219922?
True
Is 970976 a multiple of 32?
True
Does 449 divide 293406093?
False
Does 186 divide 1104271212?
True
Is 66815711 a multiple of 1032?
False
Is 24800240 a multiple of 755?
True
Does 331 divide 22006204?
True
Does 125 divide 49188?
False
Is 775409181 a multiple of 6?
False
Is 76 a factor of 529853407?
False
Does 313 divide 189188468?
True
Does 6 divide 29717691?
False
Is 643 a factor of 7462374?
False
Does 2126 divide 168629564?
False
Is 690371948 a multiple of 28?
True
Is 3 a factor of 20516702?
False
Is 1473 a factor of 397821948?
True
Is 7389651 a multiple of 401?
False
Is 1011 a factor of 853884534?
True
Does 600 divide 1246776700?
False
Is 575001566 a multiple of 1507?
False
Does 7 divide 80763528?
False
Is 73 a factor of 549231779?
True
Does 83 divide 41954259?
True
Is 459941509 a multiple of 587?
False
Does 52 divide 9106188?
True
Is 972628041 a multiple of 77?
True
Does 7 divide 1282127?
True
Is 110 a factor of 646284320?
True
Is 94184280 a multiple of 5272?
True
Is 212 a factor of 161050405?
False
Is 531867537 a multiple of 25?
False
Is 966056638 a multiple of 734?
False
Is 38 a factor of 934534?
True
Does 279 divide 909230745?
False
Does 523 divide 23964383?
True
Is 320 a factor of 5109956?
False
Is 9 a factor of 164782566?
True
Is 2327 a factor of 40094291?
False
Is 24249164 a multiple of 77?
False
Is 1892821867 a multiple of 9518?
False
Does 19 divide 2531660700?
True
Is 346594045 a multiple of 35?
True
Is 795778616 a multiple of 15?
False
Is 34689525 a multiple of 32?
False
Does 24 divide 30860525?
False
Is 6935081266 a multiple of 13390?
False
Does 14 divide 146077344?
True
Does 14 divide 25711994?
True
Does 171 divide 17932770?
True
Is 468699790 a multiple of 19?
True
Is 6 a factor of 3266167?
False
Is 746438356 a multiple of 1263?
False
Is 401 a factor of 21537710?
True
Does 3 divide 32502831?
True
Is 6583152 a multiple of 552?
True
Is 94 a factor of 31961241?
False
Does 2218 divide 149040273?
False
Does 401 divide 547300439?
True
Is 611 a factor of 1603088986?
False
Is 21220236 a multiple of 6?
True
Is 2050286550 a multiple of 942?
True
Is 78 a factor of 497454516?
True
Does 3117 divide 33613728?
True
Does 14 divide 220665952?
False
Is 1247464918 a multiple of 14?
True
Is 149666677 a multiple of 1306?
False
Does 4398 divide 420268482?
True
Is 2165 a